What is 9a3925 (base 11) in base 7?
16415401
Convert 3565773 (base 9) to base 2.
111010111111110011100
-336567 (base 8) to base 6
-2235543
1000000010011111000110 (base 2) to base 7
23624555
a01376 (base 12) to base 6
125214230
Convert 1000100010101011111 (base 2) to base 8.
1042537
What is -212002002000 (base 4) in base 12?
-3409680
-221202012 (base 3) to base 15
-5865
Convert -1925689 (base 13) to base 9.
-16444867
-4356672 (base 8) to base 5
-244431444
47d09 (base 14) to base 13
61b07
16532 (base 9) to base 3
120121002
7202 (base 12) to base 4
3001202
265989 (base 11) to base 5
101332124
What is -6015a3 (base 12) in base 4?
-11231020023
What is -101111001011100101 (base 2) in base 4?
-233023211
-10111011000101110000100 (base 2) to base 10
-6130564
-2434aa (base 12) to base 3
-1002210112011
2c400 (base 14) to base 3
12121122020
-2a3d0 (base 16) to base 4
-222033100
What is 101001100001010001 (base 2) in base 15?
355ca
What is 10320113313 (base 4) in base 2?
100111000010111110111
1100001100010001111 (base 2) to base 9
668012
Convert -2000055 (base 6) to base 9.
-152038
What is -26119 (base 12) in base 2?
-1100101100100101
What is -13656232 (base 7) in base 3?
-2102121121221
-8b290 (base 12) to base 13
-66453
-2222315 (base 6) to base 12
-5499b
What is -401124210 (base 5) in base 12?
-644153
What is -325587 (base 11) in base 9?
-872014
What is -101110110001100110 (base 2) in base 13?
-69289
Convert 13403113 (base 6) to base 13.
12a7a3
-6250a (base 12) to base 4
-133121122
What is -196026 (base 11) in base 15?
-5e209
-2a3a (base 11) to base 15
-1260
What is 115381 (base 12) in base 3?
112011100121
-639b64 (base 12) to base 5
-400304122
-1512241 (base 6) to base 12
-42681
-21200101001212 (base 3) to base 15
-5595eb
100100000110110000101011 (base 2) to base 7
143310250
-12020212 (base 5) to base 12
-54076
What is 1111000100000 (base 2) in base 15?
2442
What is 141115505 (base 6) in base 15?
3b64d8
What is d69e9 (base 16) in base 2?
11010110100111101001
What is 347173 (base 9) in base 11?
132834
Convert a618c (base 15) to base 2.
10000000101000001001
-780362 (base 11) to base 15
-198ce6
-3313310334 (base 5) to base 4
-123111212020
-499402 (base 12) to base 9
-2225412
-35111442 (base 6) to base 12
-442582
-700105 (base 8) to base 9
-378658
What is 103411034 (base 5) in base 8?
1560321
What is 4043410 (base 5) in base 12?
31a88
Convert -61dd03 (base 14) to base 9.
-6184587
What is 302542 (base 7) in base 14?
14a22
-190913 (base 10) to base 15
-3b878
What is 30313521 (base 6) in base 3?
1121221221011
Convert 26381 (base 11) to base 12.
199b4
201442022 (base 5) to base 4
3012101221
Convert -326501 (base 9) to base 10.
-195049
-410226 (base 10) to base 11
-260233
Convert -87645 (base 9) to base 2.
-1110001100000110
What is 2600a19 (base 11) in base 5?
2123320113
-114154 (base 11) to base 4
-230033030
-441665 (base 7) to base 10
-77516
What is -111011011101000 (base 2) in base 8?
-73350
Convert -3bd2e3 (base 16) to base 14.
-740b19
What is -1a300 (base 11) in base 15?
-85c9
242a3 (base 12) to base 3
2110221020
1983119 (base 13) to base 7
131300426
What is -201110011200121 (base 3) in base 11?
-5920377
251a2 (base 12) to base 13
19c13
Convert -628336 (base 9) to base 4.
-1123030110
Convert -2569a (base 12) to base 16.
-c796
1543351045 (base 6) to base 9
41165202
What is 40573727 (base 8) in base 11?
49326a3
1023132021 (base 4) to base 13
aa922
2402788 (base 10) to base 13
66188b
What is -50543120 (base 6) in base 12?
-597aa0
-16256 (base 11) to base 2
-101100110010010
Convert -123323113200 (base 4) to base 2.
-11011111011010111100000
-430333 (base 6) to base 16
-8931
What is -622ec (base 16) in base 6?
-12341500
What is -4437604 (base 8) in base 3?
-2020202110220
What is 2100221020 (base 3) in base 10?
46608
What is -5575e (base 16) in base 5?
-42200141
What is -e2111 (base 16) in base 6?
-31502521
-17977 (base 15) to base 14
-1dba3
Convert -105244222 (base 7) to base 12.
-218649a
Convert -120021112210 (base 3) to base 8.
-1113313
b0275 (base 15) to base 16
8817b
Convert 273d0 (base 16) to base 5.
20120340
Convert -e116 (base 15) to base 3.
-2102011010
-31120201102 (base 4) to base 9
-6536437
What is 251080 (base 9) in base 6?
3130200
What is 5143104 (base 7) in base 13?
187356
What is -7b12 (base 14) in base 6?
-242552
213142021 (base 5) to base 2
11011110101100001000
What is -105781 (base 11) in base 8?
-511302
-1355220 (base 6) to base 11
-53361
Convert 121623 (base 15) to base 14.
187531
6a736 (base 11) to base 14
2928a
2010113210 (base 4) to base 16
845e4
Convert 1036312 (base 7) to base 10.
127066
Convert -1b7893 (base 14) to base 9.
-1755078
Convert -2002134 (base 6) to base 13.
-33907
What is -60355463 (base 7) in base 13?
-1063523
Convert -68184 (base 9) to base 10.
-45355
What is -3354a (base 12) in base 10?
-68170
What is -248155 (base 13) in base 10?
-874645
1c4c93 (base 13) to base 12
2ab655
What is -11111010011111010 (base 2) in base 3?
-20111221000
-2122010 (base 4) to base 12
-5858
What is 122c3 (base 14) in base 4?
22312303
717137 (base 10) to base 4
2233011101
62134c (base 14) to base 10
3307176
What is -433067 (base 8) in base 15?
-2ce36
-88a015 (base 11) to base 13
-3a8a83
What is -3214434 (base 5) in base 3?
-2202120200
223123 (base 8) to base 10
75347
What is 1105236 (base 9) in base 6?
20423310
Convert 6238b3 (base 12) to base 4.
11320031013
Convert 728593 (base 12) to base 13.
4ac49c
Convert 14a14b (base 12) to base 3.
122202002112
What is -146155 (base 12) in base 10?
-342353
Convert 97aa3 (base 12) to base 11.
127526
What is -1225555 (base 6) in base 14?
-1a131
25684 (base 13) to base 16
10e6d
What is 1415440 (base 6) in base 14?
213a0
What is -65642121 (base 8) in base 4?
-311310101101
What is -31214034 (base 6) in base 5?
-212413243
What is -110000001100110101011101 (base 2) in base 11?
-7150255
What is 1101020110 (base 4) in base 9?
555751
What is 2313317 (base 8) in base 5?
130102211
Convert -1231012203 (base 4) to base 10.
-446883
1211003542 (base 6) to base 12
47395b2
41430305 (base 7) to base 15
48d01e
Convert 20345 (base 11) to base 5.
1422234
Convert 277303 (base 10) to base 4.
1003230313
Convert 123133312011 (base 4) to base 7.
115161345
-3622002 (base 7) to base 4
-1300020033
-6a56e (base 15) to base 5
-41314404
-231515445 (base 6) to base 14
-7d8513
-48485 (base 15) to base 8
-702175
Convert 12112220120 (base 3) to base 7.
633420
11111101010000100 (base 2) to base 15
28648
23a36a7 (base 11) to base 13
b3360a
Convert 1012414 (base 8) to base 11.
173001
What is 11000221021112 (base 3) in base 7?
24140201
Convert 21344143 (base 5) to base 13.
65b6a
Convert -42bb45 (base 15) to base 2.
-1100000111111110101111
Convert -4366 (base 11) to base 6.
-42355
Convert 656315 (base 10) to base 16.
a03bb
200002 (base 5) to base 9
8516
Convert -6a849 (base 13) to base 4.
-233202331
What is 19a357 (base 13) in base 2?
10011110111010001011
What is 151143 (base 9) in base 2?
10110101000011111
What is 5e647 (base 15) in base 8?
1115340
Convert afa15 (base 16) to base 9.
1315722
1462e0 (base 15) to base 9
1757113
-d9455 (base 14) to base 2
-10000000001010100011
-13320463 (base 7) to base 8
-4546122
Convert -35cf6d (base 16) to base 4.
-31130331231
Convert -101210020202211 (base 3) to base 15.
-783894
What is 10200120012 (base 3) in base 14?
1c645
Convert -36292 (base 10) to base 5.
-2130132
What is 32333333 (base 4) in base 8?
167777
What is 122552011 (base 6) in base 11?
1385093
Convert 302114155 (base 6) to base 5.
2304022132
What is 120401015 (base 6) in base 16?
22a663
Convert -2202100112 (base 3) to base 7.
-314012
Convert 14154145 (base 6) to base 11.
2a9a40
3502a (base 11) to base 2
1100010110110010
Convert -240565 (base 7) to base 11.
-2a765
1368080 (base 9) to base 3
1102022002200
What is 743323 (base 9) in base 14?
b7142
Convert -32b43 (base 12) to base 8.
-203343
What is 202104553 (base 6) in base 12?
11ab159
Convert -60ed4 (base 16) to base 8.
-1407324
-2301120021 (base 4) to base 3
-1100220121210
-61092 (base 10) to base 9
-102720
Convert 269468 (base 12) to base 13.
1946b1
3e767 (base 16) to base 6
5252251
1199859 (base 15) to base 2
110000001101011010111100
Convert -31332120012 (base 4) to base 8.
-15763006
What is -828